remainder when 286 is divided by p?
7
Let j = 361 - 329. What is the remainder when j is divided by 18?
14
Suppose 19 - 4 = 5*s. Suppose s*p + 69 = 2*y, 0 = 2*y - p - p - 70. Calculate the remainder when 106 is divided by y.
34
Let h = -121 + 50. Let k = 90 + h. Calculate the remainder when 71 is divided by k.
14
Let i = 75 - 30. Suppose -i = -5*q - 4*v, 2*v = -0*q - q + 15. What is the remainder when 22 is divided by q?
2
Let v(d) = d + 7. Let c be v(-5). Let k be (-1 - -1 - -22)/c. Let p = 14 - k. Calculate the remainder when p is divided by 2.
1
Let x = -419 - -428. What is the remainder when 60 is divided by x?
6
Suppose -200 + 46 = -14*t. What is the remainder when (t*-1)/(3/(-12)*4) is divided by 5?
1
Suppose 80 = -5*f - 3*z, 4*z = -0*z. Let d = -13 - f. Suppose -3*b - 3*s = -87, -2*b - 2*s - 26 = -d*b. Calculate the remainder when b is divided by 15.
13
Let r = -2114 + 4342. Suppose -5*g - 623 = -r. Suppose -2*p = 5*j - g, -4*j - 4*p + 229 + 23 = 0. Calculate the remainder when j is divided by 17.
14
Suppose -m - m = -4. Suppose 2*a - 20 = -3*n, a - n + 12 = m*a. Let o(p) = p**3 - p**2 + 6. Calculate the remainder when a is divided by o(0).
4
Let v(r) = -r**2 + 9*r + 22. Let z be v(11). Suppose -b + 55 = 4*s, z = 3*b - 2*s - 0*s - 207. Calculate the remainder when b is divided by 23.
21
Calculate the remainder when 47 is divided by 6 + (9 - 6 - -3).
11
Suppose -2*c - 4*a - 20 = 0, -2 = -0*c + 2*c - 5*a. Let b = -20 + c. Let p = -19 - b. Calculate the remainder when p is divided by 5.
2
Let p = 82 + -75. Let i(q) = 7*q - 30. Calculate the remainder when 4/6 - 332/(-6) is divided by i(p).
18
Let o(w) = 11*w - 5. Let t be o(2). Suppose h = 5*f - 3, -4*h - 2 = 5*f - 15. Suppose h*k - t = 7. What is the remainder when 33 is divided by k?
9
Let f = 599 + -570. What is the remainder when 115 is divided by f?
28
Suppose 2*b - 183 = 11. Suppose -5*z = -119 - 51. What is the remainder when b is divided by z?
29
Let c(j) = -87*j + 210. What is the remainder when c(-17) is divided by 65?
64
Suppose 3*v = 5*d - 26, 0*d + 5*d - 29 = 2*v. Suppose 2*o = -29*o + 620. What is the remainder when o is divided by d?
6
Let w(q) = -3*q + 1. Let z(y) = y**3 - 23*y**2 + 2*y - 20. What is the remainder when z(23) is divided by w(-3)?
6
Suppose 3*f - 4*f = -57. Let y(n) = -2*n**3 + 28*n**2 - 23*n - 19. What is the remainder when f is divided by y(13)?
17
Suppose 2 = x, -z + 5*x = -2*z - 5. Let l = z - -17. Suppose 0 = -2*v - l*a + 106, -4*a - a - 275 = -5*v. Calculate the remainder when v is divided by 19.
16
Calculate the remainder when 39 is divided by -3 + -3 + (-34)/(-2).
6
Let l be 52*((-21)/6 + 4). Let r = l + -17. Calculate the remainder when 16 is divided by r.
7
Suppose -s + 137 = -5*r, -3*s + 5*r = -5*s + 289. What is the remainder when s is divided by 36?
34
Suppose -9*w + 626 = -499. What is the remainder when w is divided by 7?
6
Let b(a) = -7*a**3 - a - 10. Calculate the remainder when b(-2) is divided by 27.
21
Let o(y) = -y**2 + 5*y + 15. Let z be o(7). What is the remainder when (-275)/(-11) + z/1 + -2 is divided by 16?
8
Suppose 4*v - 170 = -3*z, -2*z = -5*v + 9*v - 108. Calculate the remainder when 240 is divided by z.
54
Let i = -1536 + 2516. What is the remainder when i is divided by 23?
14
Let d(r) = 7*r**2 - 2*r + 1. Let s be d(2). Let a = s + -7. Calculate the remainder when a is divided by 10.
8
Suppose 3*a = 5*g + 18 + 50, -a - 2*g + 41 = 0. Let y = a + -14. What is the remainder when y is divided by 6?
5
Let k = 47 + -47. Suppose 5*h = 3*o + 77 + 2, k = -3*h - o + 53. What is the remainder when 67 is divided by h?
16
Let g(m) = 3*m + 90. Calculate the remainder when 76 is divided by g(-28).
4
Let w = 495 - 476. Suppose 4*j + 0*j = 44. Calculate the remainder when w is divided by j.
8
Suppose 0 = -5*a + 10*a + 10. Calculate the remainder when ((-528)/60)/(a/10) is divided by 15.
14
Let n = 285 + -186. Calculate the remainder when n is divided by 30.
9
Suppose -7*r = -25 - 17. Suppose 3*n = -5*i + 25, -4*i + 20 = 4*n - 2*n. Suppose w + 4 - 13 = n. What is the remainder when w is divided by r?
3
Suppose h - 3 = -2*j, 6*j + 15 = h + 2*j. Let o = h + -3. Suppose -2*v = -o - 4. What is the remainder when 9 is divided by v?
1
Suppose -5*f - 2*v + 34 = -84, -4*f = v - 95. Calculate the remainder when f is divided by 9.
6
Let l(s) = -15*s - 1421. Suppose 0 = -3*u - 47 + 158. What is the remainder when u is divided by l(-96)?
18
Let t(w) = -3 - 2 - 1 + 3 + 10*w. What is the remainder when t(10) is divided by 25?
22
Let d = 1413 + -1325. What is the remainder when d is divided by 27?
7
Suppose 4*h = 8*h - 16. Let f(r) = -r**2 + 8*r + 3. What is the remainder when 54 is divided by f(h)?
16
Let p = 37 + 44. Suppose 3*o - 3 - 6 = 0. Suppose 0*j = o*j - p. What is the remainder when j is divided by 7?
6
Suppose -11*x = -9*x - 122. What is the remainder when 547 is divided by x?
59
Let g = -218 - -284. What is the remainder when g is divided by 28?
10
Suppose 2 - 10 = -4*s. Suppose 0 = r + 4*u - 15, 0 = -2*u + u - s. Calculate the remainder when 68 is divided by r.
22
Let w = 14 - 17. Let i(j) = -43*j - 1. What is the remainder when i(w) is divided by 43?
42
Suppose -22 = -5*z + 68. Let n = 1362 - 1330. Calculate the remainder when n is divided by z.
14
Let v = -184 - -463. What is the remainder when v is divided by 47?
44
Let f(z) = -z**3 + 7*z + 5. Let w = -3089 - -3113. Calculate the remainder when f(-5) is divided by w.
23
Suppose d + 17*c = 21*c + 238, -4*c + 852 = 4*d. Calculate the remainder when d is divided by 70.
8
Let k be -21*-18*2/4. Suppose 0 = -4*a + 111 + k. Calculate the remainder when a is divided by 11.
9
Let a = 13 - 11. Let o(q) = q**3 + 5*q**2 - q - 6. Let k be o(-5). Let u = 4 - k. What is the remainder when u is divided by a?
1
Let t(m) = 5*m + 149. Calculate the remainder when t(-4) is divided by 6.
3
Suppose -3*b = -7*b - 2*z + 32, -4*z = b - 15. Let g = -68 + 71. Let j(l) = 4*l + 5. What is the remainder when j(g) is divided by b?
3
Suppose 2*k - 6*k - 2*i = -14, -3*i - 19 = -2*k. Suppose -z = k*g - 11, 2*g + 22 = 2*z - 3*g. Calculate the remainder when (5 - 28/4) + 22 is divided by z.
9
Let s(n) = -4*n - 16. Let t be s(-5). Suppose -5*i = -t*i - 78. Calculate the remainder when i is divided by 27.
24
Let c(n) = -3*n - 8. Let o(i) = i**2 - 17*i + 31. Let g be o(13). Calculate the remainder when c(g) is divided by 7.
6
Let b = -1740 - -1819. Calculate the remainder when 249 is divided by b.
12
Suppose 7*h - 8*h - 3 = 0. Calculate the remainder when 137 is divided by (-8 - (h + -1)) + 32.
25
Suppose 0 = 11*g - 4*g - 532. Calculate the remainder when g is divided by 9.
4
Suppose -5 = 3*q - 44. What is the remainder when (30/5)/(2/q) is divided by 10 - (0/1 + 0)?
9
Suppose -11*c + 54 = 16*c. Suppose 2*s + 0 + 10 = 0. What is the remainder when ((-2)/s)/((-4)/(-20)) is divided by c?
0
Suppose -5*j + 795 - 232 = -a, -2*j - 5*a = -209. What is the remainder when j is divided by 6?
4
Let w be 14/4*(6 - 0). Suppose -5*t = f - w, 0*t + 2 = 2*t. Calculate the remainder when 46 is divided by f.
14
Suppose 3 = -h + 5*t + 7, -48 = -2*h + 2*t. Let p = h + -17. What is the remainder when 41 is divided by p?
5
Let l be 15 + (-6 - -3) + -4. Let o = -1 + l. What is the remainder when 25 is divided by o?
4
Let g(m) = -m**2 - 17*m - 40. Calculate the remainder when 43 is divided by g(-12).
3
Let x(g) = -23*g**2 - 8*g - 4. Let c(f) = 68*f**2 + 23*f + 11. Let l(i) = 6*c(i) + 17*x(i). What is the remainder when l(-2) is divided by 9?
8
Suppose -5*l + 21 = c, 2*l = -4*c + 4*l + 18. Suppose -q - 156 = q. Let g = -55 - q. What is the remainder when g is divided by c?
5
Suppose -132 + 142 = -5*f. Calculate the remainder when ((-76)/f)/1*(10 - 9) is divided by 1/(-4) + 159/12.
12
Let l = 167 - 78. What is the remainder when l is divided by 83?
6
Suppose 56 = -23*l + 15*l. Let p(h) = h**3 + 10*h**2 + 12*h + 16. Let c = 39 + -19. What is the remainder when p(l) is divided by c?
19
Calculate the remainder when 170 is divided by ((-258)/33)/(17/(-187)).
84
Suppose 0 = -4*k - 20, -2*c + 43 = 2*k + 13. Let y = 23 - 12. Calculate the remainder when c is divided by y.
9
Let k(j) = j + 4. Let x be k(10). Let v be 1/(x/6 - 2). Let m(y) = 3*y + 2. What is the 